
7
What is the ten thousands digit of 4595904929?
0
What is the tens digit of 18372506?
0
What is the millions digit of 1704926768?
4
What is the millions digit of 42478398?
2
What is the hundred thousands digit of 704809463?
8
What is the tens digit of 35860218?
1
What is the hundred thousands digit of 83407811?
4
What is the hundreds digit of 137454015?
0
What is the thousands digit of 1631000889?
0
What is the hundreds digit of 5480985816?
8
What is the ten millions digit of 1557991030?
5
What is the millions digit of 609732410?
9
What is the thousands digit of 1284723659?
3
What is the ten thousands digit of 2452402542?
0
What is the tens digit of 76182528?
2
What is the thousands digit of 73900965?
0
What is the units digit of 217082416?
6
What is the millions digit of 470127472?
0
What is the thousands digit of 2322035980?
5
What is the hundred thousands digit of 1584688916?
6
What is the hundred millions digit of 2131161136?
1
What is the hundred millions digit of 881986301?
8
What is the hundreds digit of 20915756?
7
What is the hundreds digit of 21043845?
8
What is the ten millions digit of 112597626?
1
What is the ten millions digit of 39627946?
3
What is the tens digit of 652898151?
5
What is the millions digit of 65712005?
5
What is the ten thousands digit of 404618560?
1
What is the thousands digit of 16070451?
0
What is the ten thousands digit of 998080893?
8
What is the hundred thousands digit of 61037896?
0
What is the hundreds digit of 979883701?
7
What is the ten millions digit of 64086495?
6
What is the thousands digit of 5224618?
4
What is the tens digit of 33601119?
1
What is the ten thousands digit of 2721159674?
5
What is the units digit of 358131467?
7
What is the hundred millions digit of 1672601270?
6
What is the hundred thousands digit of 282143876?
1
What is the hundreds digit of 163192051?
0
What is the hundred thousands digit of 94614540?
6
What is the millions digit of 888146564?
8
What is the ten millions digit of 1430905804?
3
What is the thousands digit of 32543245?
3
What is the thousands digit of 56990606?
0
What is the units digit of 423110537?
7
What is the units digit of 209966272?
2
What is the hundred thousands digit of 673839340?
8
What is the thousands digit of 28965658?
5
What is the thousands digit of 21829406?
9
What is the millions digit of 7280842851?
0
What is the thousands digit of 1047357766?
7
What is the hundred thousands digit of 575223653?
2
What is the millions digit of 91077248?
1
What is the thousands digit of 44429690?
9
What is the ten thousands digit of 23372526?
7
What is the units digit of 65818584?
4
What is the ten millions digit of 50078936?
5
What is the ten millions digit of 76504453?
7
What is the hundreds digit of 806052191?
1
What is the units digit of 10223393?
3
What is the thousands digit of 984618454?
8
What is the tens digit of 4743564410?
1
What is the hundred thousands digit of 54681254?
6
What is the hundred thousands digit of 89228783?
2
What is the hundred millions digit of 144872241?
1
What is the thousands digit of 177681828?
1
What is the tens digit of 38907038?
3
What is the ten millions digit of 106153911?
0
What is the tens digit of 124842178?
7
What is the tens digit of 43790899?
9
What is the billions digit of 3689510329?
3
What is the units digit of 70007924?
4
What is the units digit of 245210945?
5
What is the hundred millions digit of 1132838734?
1
What is the hundred thousands digit of 1228457537?
4
What is the millions digit of 138979226?
8
What is the ten millions digit of 4738550712?
3
What is the millions digit of 35608485?
5
What is the tens digit of 9603265?
6
What is the thousands digit of 7748684?
8
What is the millions digit of 182463236?
2
What is the thousands digit of 230920236?
0
What is the billions digit of 7894760144?
7
What is the tens digit of 2053443?
4
What is the hundreds digit of 13006783?
7
What is the tens digit of 86950996?
9
What is the ten millions digit of 34231447?
3
What is the thousands digit of 21911755?
1
What is the tens digit of 80611184?
8
What is the ten millions digit of 2349300122?
4
What is the thousands digit of 44550056?
0
What is the hundred thousands digit of 464214783?
2
What is the millions digit of 2371248505?
1
What is the tens digit of 293134949?
4
What is the ten millions digit of 128783466?
2
What is the hundreds digit of 948828643?
6
What is the units digit of 92806956?
6
What is the units digit of 22968695?
5
What is the ten millions digit of 81840181?
8
What is the ten thousands digit of 7112038313?
3
What is the tens digit of 83126962?
6
What is the hundred millions digit of 6310206765?
3
What is the ten thousands digit of 1248698822?
9
What is the hundred thousands digit of 269662306?
6
What is the thousands digit of 588682658?
2
What is the ten thousands digit of 691722913?
2
What is the thousands digit of 12586482?
6
What is the units digit of 65559646?
6
What is the hundred millions digit of 149810839?
1
What is the units digit of 489045901?
1
What is the ten thousands digit of 327138900?
3
What is the hundred thousands digit of 24000342?
0
What is the thousands digit of 1415039462?
9
What is the hundred thousands digit of 333085569?
0
What is the billions digit of 1179756872?
1
What is the millions digit of 1469339358?
9
What is the hundred thousands digit of 1410638894?
6
What is the hundreds digit of 9007510644?
6
What is the thousands digit of 1456032999?
2
What is the tens digit of 62419340?
4
What is the hundreds digit of 15808076?
0
What is the thousands digit of 11838130?
8
What is the millions digit of 292330211?
2
What is the millions digit of 1122883985?
2
What is the hundred millions digit of 600365003?
6
What is the units digit of 76495928?
8
What is the millions digit of 134923592?
4
What is the hundred millions digit of 661591480?
6
What is the ten thousands digit of 253629339?
2
What is the thousands digit of 441118177?
8
What is the ten thousands digit of 34955186?
5
What is the units digit of 97076026?
6
What is the hundreds digit of 1729836383?
3
What is the ten millions digit of 820378970?
2
What is the hundred thousands digit of 80337183?
3
What is the hundred thousands digit of 75511222?
5
What is the ten millions digit of 65441541?
6
What is the hundreds digit of 556107935?
9
What is the ten millions digit of 39015292?
3
What is the hundred millions digit of 104258493?
1
What is the hundreds digit of 69481116?
1
What is the tens digit of 140101377?
7
What is the millions digit of 296516349?
6
What is the thousands digit of 304161114?
1
What is the hundred thousands digit of 268238839?
2
What is the hundreds digit of 766874458?
4
What is the hundreds digit of 369668484?
4
What is the units digit of 119116804?
4
What is the units digit of 1383165444?
4
What is the thousands digit of 133560030?
0
What is the hundred thousands digit of 84972071?
9
What is the ten millions digit of 160784487?
6
What is the hundred thousands digit of 16995449?
9
What is the hundred thousands digit of 905717551?
7
What is the millions digit of 6036970291?
6
What is the tens digit of 78021650?
5
What is the ten millions digit of 727966558?
2
What is the millions digit of 55753984?
5
What is the thousands digit of 42397898?
7
What is the hundred thousands digit of 5353818184?
8
What is the hundred millions digit of 1157477205?
1
What is the thousands digit of 41422552?
2
What is the ten millions digit of 629394990?
2
What is the ten millions digit of 4477446034?
7
What is the ten millions digit of 419231084?
1
What is the ten millions digit of 181672890?
8
What is the ten millions digit of 5077676331?
7
What is the millions digit of 374644975?
4
What is the ten millions digit of 663430163?
6
What is the billions digit of 2289206696?
2
What is the ten millions digit of 105870307?
0
What is the millions digit of 277453393?
7
What is the ten millions digit of 376491475?
7
What is the ten thousands digit of 178759191?
5
What is the thousands digit of 2728016188?
6
What is the millions digit of 12730504?
2
What is the hundred thousands digit of 5684027787?
0
What is the hundreds digit of 23625476?
4
What is the hundreds digit of 11296815?
8
What is the hundreds digit of 564652056?
0
What is the h